47459039 prime?
False
Is 7742873833 composite?
True
Is 710182211 a prime number?
True
Is 66391769 prime?
True
Is 10789763431 a prime number?
True
Is 2190078197 a prime number?
False
Is 1007317273 composite?
False
Is 338800931 a prime number?
False
Is 19186579513 a prime number?
False
Is 531710033 composite?
False
Is 187790284909 a prime number?
True
Is 2128752643 composite?
False
Is 26323460981 a prime number?
True
Is 7646544487 a composite number?
False
Is 4880738633 a prime number?
False
Is 258679969 a composite number?
True
Is 1428613339 prime?
True
Is 1256124887 a composite number?
False
Is 91001318231 composite?
True
Is 2133284249 prime?
False
Is 16760294959 composite?
False
Is 395246627 a composite number?
False
Is 7677860761 prime?
True
Is 9919718243 a composite number?
False
Is 191392860617 prime?
False
Is 3087242251 composite?
True
Is 151619443189 prime?
False
Is 1494965139 composite?
True
Is 2756467277 a prime number?
True
Is 3421224919 a prime number?
False
Is 160210492703 a prime number?
True
Is 12802528715 composite?
True
Is 353350531 a prime number?
True
Is 10603657903 a prime number?
True
Is 4464669751 prime?
False
Is 2331395201 composite?
True
Is 4063999457 a composite number?
True
Is 6916520827 a prime number?
True
Is 57177076738 a composite number?
True
Is 2469829841 composite?
True
Is 2282739947 a prime number?
True
Is 41141498731 prime?
True
Is 2951090303 prime?
False
Is 2948469449 a prime number?
False
Is 916748531 prime?
False
Is 3573034079 composite?
False
Is 582266849 prime?
True
Is 1056012263 a prime number?
False
Is 916546867 a composite number?
False
Is 178257371 a prime number?
False
Is 168348461 composite?
True
Is 49095461 a composite number?
False
Is 22090744667 prime?
False
Is 49968927727 a composite number?
False
Is 1277703759 a prime number?
False
Is 5850778163 composite?
True
Is 30308838751 a prime number?
True
Is 11594165071 a composite number?
False
Is 4312729507 prime?
False
Is 318907133 a prime number?
True
Is 47135908331 a prime number?
True
Is 2366671387 a composite number?
False
Is 614362877 composite?
True
Is 31660934009 prime?
False
Is 23319766357 composite?
True
Is 535389793 prime?
False
Is 70914889891 a prime number?
True
Is 1522941487 a composite number?
True
Is 13619900611 composite?
False
Is 898741969 composite?
False
Is 7254033367 a prime number?
False
Is 730013569 a prime number?
False
Is 49593960771 prime?
False
Is 57841447 a prime number?
False
Is 5802872563 a composite number?
True
Is 7037302933 a prime number?
False
Is 24336671 a composite number?
False
Is 77380955573 a prime number?
True
Is 5725339701 a prime number?
False
Is 240312923 composite?
False
Is 206590367 a composite number?
False
Is 2573883391 composite?
False
Is 27891760631 prime?
False
Is 24546401413 prime?
True
Is 982750651 a prime number?
True
Is 33009345731 composite?
False
Is 1017745577 composite?
False
Is 1382248319 a composite number?
True
Is 30349786279 a prime number?
True
Is 37666550707 prime?
False
Is 1461880451 a composite number?
False
Is 35910533 a prime number?
True
Is 434402285 composite?
True
Is 18513113 a prime number?
True
Is 250611503 a composite number?
False
Is 176636717 prime?
True
Is 546300943 composite?
False
Is 10549038817 a composite number?
False
Is 490090037 a prime number?
True
Is 4623667379 a composite number?
False
Is 159326863 composite?
False
Is 28685175301 composite?
True
Is 897857813 composite?
True
Is 8411105695 a prime number?
False
Is 59227864543 composite?
True
Is 312335201 a composite number?
True
Is 4199655847 prime?
True
Is 1534422317 a prime number?
True
Is 16251345571 a composite number?
True
Is 43129062727 prime?
False
Is 6127634873 a composite number?
False
Is 53649568871 composite?
False
Is 979481171 prime?
True
Is 131825665 composite?
True
Is 23770827181 composite?
True
Is 4831481441 prime?
True
Is 4208114563 a composite number?
True
Is 216556091113 composite?
False
Is 4065689429 a composite number?
False
Is 10774055737 composite?
False
Is 48048695363 a prime number?
False
Is 1375176487 a composite number?
True
Is 2284973581 a composite number?
True
Is 176279557 a prime number?
True
Is 4104313399 a prime number?
False
Is 3071871359 prime?
True
Is 54127389 composite?
True
Is 7743244997 a prime number?
True
Is 6591287621 composite?
False
Is 4798877871 composite?
True
Is 4765925789 a prime number?
True
Is 6032668069 composite?
True
Is 28651691 composite?
True
Is 1518556639 composite?
False
Is 381149933 prime?
False
Is 4377881 a prime number?
True
Is 34571970461 composite?
True
Is 3318011351 a composite number?
False
Is 290540141 composite?
False
Is 4163323767 prime?
False
Is 1542378421 a prime number?
True
Is 140984372729 a prime number?
True
Is 11537147929 a prime number?
True
Is 54559454083 a composite number?
False
Is 3299249489 prime?
True
Is 17289617 a composite number?
True
Is 8646497429 a composite number?
False
Is 4552526131 prime?
False
Is 136783459321 prime?
False
Is 574651199 composite?
False
Is 61321018927 composite?
True
Is 1636945021 composite?
True
Is 8597530679 composite?
True
Is 1452001737 composite?
True
Is 230673429311 prime?
False
Is 4594771429 composite?
False
Is 32105152483 prime?
False
Is 3882114007 prime?
False
Is 2853723407 prime?
True
Is 524998033 prime?
False
Is 1055634218 composite?
True
Is 1556233277 prime?
False
Is 42657119 a prime number?
True
Is 2356640323 composite?
False
Is 1710583891 a composite number?
False
Is 768245903 a prime number?
False
Is 2573751107 a prime number?
True
Is 1293865907 prime?
True
Is 2256194749 a composite number?
False
Is 3212971439 prime?
False
Is 116412847 a composite number?
False
Is 1183103689 prime?
False
Is 120638065 a prime number?
False
Is 443362897 composite?
True
Is 15366208087 composite?
False
Is 1381980823 prime?
True
Is 3545352829 a composite number?
True
Is 69390695417 a composite number?
False
Is 4614242637 prime?
False
Is 2615604701 composite?
False
Is 481967301199 a prime number?
True
Is 3783042871 composite?
True
Is 399245521 composite?
True
Is 11361637227 composite?
True
Is 55401430153 composite?
False
Is 114686331857 composite?
False
Is 15643682627 a composite number?
False
Is 1936616347 composite?
True
Is 1325083771 composite?
True
Is 76351766587 composite?
True
Is 3580607873 a composite number?
True
Is 63431062237 a prime number?
True
Is 449758343 composite?
True
Is 1057869571 a composite number?
True
Is 53477879639 a composite number?
False
Is 4003790369 composite?
False
Is 2816797499 a prime number?
True
Is 288615589 composite?
False
Is 1436920179 a prime number?
False
Is 37584630977 composite?
True
Is 1305693691 composite?
True
Is 2969366929 a composite number?
True
Is 2487815687 prime?
False
Is 29653303259 prime?
False
Is 888772323 a composite number?
True
Is 6525969637 a composite number?
True
Is 481561063 a prime number?
False
Is 195694273 prime?
False
Is 1223400029 composite?
False
Is 11492477 composite?
False
Is 21231618371 a composite number?
True
Is 956028851 a composite number?
False
Is 987671877 a prime number?
False
Is 697947227 a prime number?
False
Is 1862035249 composite?
True
Is 57652080379 a prime number?
True
Is 6881844167 composite?
True
Is 2670845495 composite?
True
Is 22626678187 a composite number?
True
Is 392633063 composite?
True
Is 2616808097 a prime number?
True
Is 507273038887 a prime number?
True
Is 858762851 a prime number?
True
Is 88256407 composite?
False
Is 3207289927 a composite number?
True
Is 837902047 composite?
False
Is 53640552619 a prime number?
False
Is 150198397 composite?
False
Is 481743167 a prime number?
True
Is 1405496669 prime?
False
Is 16224622651 a prime number?
True
Is 2275140207 a prime number?
False
Is 3476046137 composite?
False
Is 20677806397 prime?
True
Is 102215983855 prime?
False
Is 3028076317 a prime number?
False
Is 9459666503 a prime number?
False
Is 113883947 a prime number?
True
Is 928610561 composite?
False
Is 2802263473 prime?
False
Is 20285064817 composite?
False
Is 8263075939 prime?
True
Is 18542013439 a composite number?
True
Is 167228183 a composite number?
False
Is 4292445149 prime?
False
Is 211533103627 prime?
True
Is 41197721473 a composite number?
True
Is 9239605537 composite?
False
Is 118239524773 composite?
False
Is 186807072